is 0 - -1?
1
In base 11, what is -8529 + 3?
-8526
In base 7, what is 26 - 65?
-36
In base 16, what is -346 + -3?
-349
In base 10, what is 69 - -4?
73
In base 3, what is 101022 + 22?
101121
In base 15, what is -923 - 2?
-925
In base 3, what is 11021 + 10012?
21110
In base 6, what is 10 - 535?
-525
In base 2, what is 10 + 10001011011?
10001011101
In base 8, what is -63 + -14?
-77
In base 8, what is -271 + 4?
-265
In base 8, what is 51 - 610?
-537
In base 8, what is 5 + 145?
152
In base 15, what is 582 + 0?
582
In base 4, what is -222 + 202?
-20
In base 2, what is -1111011 - 100?
-1111111
In base 14, what is 27 + 1c?
45
In base 3, what is -11201120 + -12?
-11201202
In base 12, what is -33 + -4?
-37
In base 6, what is -1 + -1200?
-1201
In base 6, what is 3 + -3325?
-3322
In base 2, what is -1010 + 111100?
110010
In base 9, what is 5 + 673?
678
In base 11, what is 1 + 95?
96
In base 12, what is 2 - 27?
-25
In base 11, what is -101 - -17?
-95
In base 8, what is -666 + -4?
-672
In base 7, what is -3 - 24246?
-24252
In base 5, what is -2043 + 1?
-2042
In base 2, what is 1001110101001 - -1?
1001110101010
In base 10, what is 85 + 7?
92
In base 12, what is -1b12 - 2?
-1b14
In base 5, what is -1014404 - 10?
-1014414
In base 8, what is -2415 - 0?
-2415
In base 9, what is -1 + 163?
162
In base 9, what is -1352 + 5?
-1346
In base 12, what is -12 - -217?
205
In base 12, what is -68 + 17?
-51
In base 12, what is 4 + 11?
15
In base 5, what is 2403321 - 4?
2403312
In base 9, what is -123 - 3?
-126
In base 8, what is 1012 + -5?
1005
In base 3, what is -1001 - 202?
-1210
In base 13, what is -3 - 63?
-66
In base 13, what is -3 + 32?
2c
In base 10, what is 2 - 305?
-303
In base 2, what is -1010 + -10100100?
-10101110
In base 11, what is -5 - 4a0?
-4a5
In base 8, what is -3 - 745?
-750
In base 16, what is 0 + -e2?
-e2
In base 3, what is -111 - 112?
-1000
In base 5, what is 1 - -214?
220
In base 10, what is 3 - -67?
70
In base 3, what is -101010110 - -11?
-101010022
In base 9, what is -12 + -115?
-127
In base 5, what is -3 - 200?
-203
In base 15, what is 8 - b?
-3
In base 15, what is -6dc + 4?
-6d8
In base 4, what is 23202 + 1?
23203
In base 13, what is 2846 + 5?
284b
In base 14, what is -64 - -3?
-61
In base 4, what is -2 + 3230?
3222
In base 7, what is 1543 - 0?
1543
In base 6, what is -341 + 31?
-310
In base 13, what is 18 - -5b?
76
In base 4, what is 10 - 101?
-31
In base 6, what is 224 - 14?
210
In base 3, what is 111 - -11?
122
In base 13, what is -1c3 - 1?
-1c4
In base 12, what is 506a + 1?
506b
In base 16, what is -1860 + 5?
-185b
In base 6, what is -1523 - -21?
-1502
In base 15, what is -17 + -1d5?
-1ec
In base 15, what is 5 + 5?
a
In base 6, what is -112 - -24?
-44
In base 12, what is 21 - -48?
69
In base 11, what is 836 - 2?
834
In base 8, what is 13060 - 3?
13055
In base 11, what is 2a5 - 30?
275
In base 2, what is 10 + 110001101?
110001111
In base 10, what is -67 + -1?
-68
In base 5, what is 231 + -10?
221
In base 14, what is -25 + 2?
-23
In base 14, what is -c - 339?
-347
In base 5, what is -310 - 14?
-324
In base 15, what is -2906 - -3?
-2903
In base 14, what is -28 + 5c?
34
In base 7, what is 0 + -551?
-551
In base 13, what is 2 + -3b?
-39
In base 14, what is 2 + -c6?
-c4
In base 2, what is 110 - 1010111101?
-1010110111
In base 2, what is 0 - -1100101001?
1100101001
In base 14, what is 47 + -8?
3d
In base 8, what is -14 - 314?
-330
In base 7, what is -1226 - 1?
-1230
In base 16, what is -4 - -52?
4e
In base 7, what is 15 - 22?
-4
In base 5, what is 1 + -44?
-43
In base 12, what is 902 - 4?
8ba
In base 6, what is -2 - 112?
-114
In base 12, what is -2 - 2b?
-31
In base 4, what is -21 + 33?
12
In base 11, what is 4 - 14?
-10
In base 13, what is 1640 - 1?
163c
In base 8, what is 1 - 37?
-36
In base 7, what is 0 + 5300?
5300
In base 6, what is -12 + -2304?
-2320
In base 4, what is 2 - 32022?
-32020
In base 11, what is -1246 - 3?
-1249
In base 8, what is -651 + -1?
-652
In base 7, what is 0 - -1160?
1160
In base 11, what is -5 - -66?
61
In base 9, what is 71 + -1?
70
In base 4, what is 131 + -31?
100
In base 3, what is -12 - 121?
-210
In base 2, what is 10101101 - 10?
10101011
In base 14, what is 4 + 338?
33c
In base 9, what is 30 + 0?
30
In base 13, what is 1 + 49?
4a
In base 3, what is -201 + -102?
-1010
In base 12, what is -3 + -52?
-55
In base 14, what is 19 + -8?
11
In base 11, what is 35 + -1?
34
In base 5, what is -332 - 103?
-440
In base 14, what is 33 - 199?
-166
In base 8, what is 0 + 22?
22
In base 2, what is -111101 + 11?
-111010
In base 5, what is -100 + 12?
-33
In base 16, what is -2 - -807?
805
In base 10, what is 6 + -2?
4
In base 8, what is 2 + 3742?
3744
In base 11, what is -6 - 5a3?
-5a9
In base 7, what is 5153 - -4?
5160
In base 7, what is -6 - -1660?
1651
In base 7, what is 6011 - -2?
6013
In base 6, what is -342 - -3?
-335
In base 12, what is -128 + -2?
-12a
In base 2, what is -1 - 1011000?
-1011001
In base 13, what is -30 + -26?
-56
In base 12, what is 5b4a - 4?
5b46
In base 7, what is 65426 + -4?
65422
In base 3, what is 0 + -1011211?
-1011211
In base 9, what is 1 - 4822?
-4821
In base 7, what is -16 - 132?
-151
In base 7, what is 164 - -1?
165
In base 6, what is 5343 + -1?
5342
In base 5, what is 23 + 2230?
2303
In base 12, what is -19a5 + 5?
-19a0
In base 16, what is 1417 + -3?
1414
In base 11, what is -84 + -1?
-85
In base 14, what is 37 + -44?
-b
In base 11, what is -4 - 22?
-26
In base 2, what is 1000000 + 100?
1000100
In base 2, what is 10 - 1000?
-110
In base 3, what is 1001 - 10021?
-2020
In base 3, what is 20220100 + 2?
20220102
In base 16, what is -1126 + 3?
-1123
In base 8, what is 23 + -3?
20
In base 10, what is 382 - -3?
385
In base 4, what is 21 - 222?
-201
In base 3, what is 21 + -1?
20
In base 11, what is 3 + -451?
-449
In base 14, what is -2 - c?
-10
In base 8, what is -5 + 712?
705
In base 4, what is 2000 - 2?
1332
In base 14, what is 3a23 + 2?
3a25
In base 9, what is -71 - 1?
-72
In base 8, what is 41 - -4?
45
In base 3, what is 110200002 - -1?
110200010
In base 10, what is 562 + 2?
564
In base 8, what is -20020 - 2?
-20022
In base 14, what is -16 - 2?
-18
In base 12, what is 2 - -2918?
291a
In base 8, what is 5060 + -3?
5055
In base 16, what is -6a0 + 1?
-69f
In base 13, what is -860 - 3?
-863
In base 16, what is -1b04 - -3?
-1b01
In base 9, what is -27 - 5?
-33
In base 4, what is 11 + 3232?
3303
In base 6, what is 4 - 13?
-5
In base 11, what is 5 - 206?
-201
In base 4, what is 12 + -122131?
-122113
In base 14, what is -70 + 3?
-6b
In base 5, what is 4333 + 10?
4343
In base 11, what is 4 + -75?
-71
In base 12, what is -81 + 4?
-79
In base 12, what is -1 - -75?
74
In base 5, what is 3 + 13?
21
In base 2, what is -10110101110001 - 10?
-10110101110011
In base 4, what is 10203 + 11?
10220
In base 3, what is -1002 + 1211?
202
In base 11, what is a - -1253?
1262
In base 13, what is 49 - 380?
-334
In base 4, what is 31 + 23?
120
In base 7, what is -5 - 11?
-16
In base 3, what is 1021 - 2102?
-1011
In base 13, what is -17ab + 5?
-17a6
In base 7, what is 45 - 0?
45
In base 7, what is -466 - 5?
-504
In base 3, what is -11 + -221221?
-222002
In base 10, what is 0 - 31?
-31
In base 14, what is 0 - 485?
-485
In base 15, what is 29 + 3?
2c
In base 5, what is -13 - 22?
-40
In base 2, what is 100 - -11010000111?
11010001011
In base 3, what is -110 - -111?
1
In base 9, what is -4 - 76?
-81
In base 4, what is -2233 - -332?
-1301
In base 7, what is -3 + 40?
34
In base 13, what is 24 + -43?
-1c
In base 7, what is -3 + 11?
5
In base 3, what is 2211 - -22?
10010
In base 6, what is 1042 - -4?
1050
In base 6, what is -2 + 25?
23
In base 8, what is -13 - 217?
-232
In base 16, what is 4 + f39?
f3d
In base 9, what is -4 + -407?
-412
In base 13, what is 3c + -12a?
-bb
In base 8, what is 72 - 7?
63
In base 11, what is 848 - 8?
840
In base 15, what is 4 + -12?
-d
In base 5, what is 13023 - -10?
13033
In base 2, what is 10011 + 10111?
101010
In base 6, what is -2 + -55?
-101
In base 7, what is 2 + -2436?
-2434
In base 11, what is 2 + -120?
-119
In base 16, what is -1 + 22c?
22b
In base 10, what is -5 + -1269?
-1274
In base 14, what is -28 + -16?
-40
In base 16, what is -8 - 38?
-40
In base 2, what is 11 + -10110100?
-10110001
In base 12, wh